{"id":29,"date":"2018-05-21T16:16:57","date_gmt":"2018-05-21T16:16:57","guid":{"rendered":"http:\/\/eifeldocs.de\/?page_id=29"},"modified":"2018-05-24T07:25:18","modified_gmt":"2018-05-24T07:25:18","slug":"dr-med-mario-stollenwerk","status":"publish","type":"page","link":"https:\/\/eifeldocs.de\/?page_id=29","title":{"rendered":"Dr. med. Mario Stollenwerk"},"content":{"rendered":"<p><img decoding=\"async\" class=\"alignright size-thumbnail wp-image-44\" src=\"http:\/\/eifeldocs.de\/wp-content\/uploads\/2018\/05\/100_0515-150x150.png\" alt=\"\" width=\"150\" height=\"150\">Lebenslauf<\/p>\n<p>Dr. med. Mario Stollenwerk<br \/>\n* 22. Januar 1974 in Aachen<\/p>\n<p>Studium<\/p>\n<p>1994 \u2013 2001 Medizinstudium an der Rheinisch-Westf\u00e4lischen Technischen Hochschule Aachen<br \/>\nPraktisches Jahr im Kreiskrankenhaus Marienh\u00f6he, W\u00fcrselen, und in der Klinik f\u00fcr Psychiatrie und Psychotherapie des Universit\u00e4tsklinikums Aachen<\/p>\n<p>Promotion<\/p>\n<p>2005 \u201eHerztransplantation in Aachen, Beobachtungen an einem kleinen<br \/>\nZentrum in den Jahren 1987 &#8211; 1998\u201c bei PD Dr. med. Janssens,<br \/>\nMedizinische Klinik I des Universit\u00e4tsklinikums Aachen<\/p>\n<p>\u00c4rztliche T\u00e4tigkeit<\/p>\n<p>07\/2001 \u2013 09\/2001 Rheinische Kliniken D\u00fcren, Psychiatrie, Dr. Knauer<\/p>\n<p>10\/2001 \u2013 12\/2003 Praxis Geraths, Dr. D\u00fcren, Dr. Weber, Allgemeinmedizin, Heinsberg<\/p>\n<p>01\/2004 \u2013 06\/2004 St\u00e4dt. Krankenhaus Heinsberg, Innere Medizin, Dr. Minartz, Dr. Saric<\/p>\n<p>07\/2004 \u2013 09\/2004 Praxis Geraths, Dr. D\u00fcren, Dr. Weber, Allgemeinmedizin, Heinsberg<\/p>\n<p>10\/2004 \u2013 12\/2005 St. Elisabeth \u2013 Krankenhaus Geilenkirchen, Innere Medizin, Dr. Nebeling<\/p>\n<p>01\/2006 \u2013 06\/2006 Praxis Dr. Simons, Dr. Weisweiler, Schneiders, Chirurgie, Geilenkirchen<\/p>\n<p>2006 Facharzt f\u00fcr Allgemeinmedizin<\/p>\n<p>Niedergelassen in der Gemeinschaftspraxis seit dem 01.10.2006<\/p>\n<p>2007 Zusatzbezeichnung Naturheilverfahren<\/p>\n<p>2017 Fachkunde Geriatrie<\/p>\n<p>Weiterbildungserm\u00e4chtigung Allgemeinmedizin 30 Monate<\/p>\n","protected":false},"excerpt":{"rendered":"<p>Lebenslauf Dr. med. Mario Stollenwerk * 22. Januar 1974 in Aachen Studium 1994 \u2013 2001 Medizinstudium an der Rheinisch-Westf\u00e4lischen Technischen Hochschule Aachen Praktisches Jahr im Kreiskrankenhaus Marienh\u00f6he, W\u00fcrselen, und in <a class=\"more-link\" href=\"https:\/\/eifeldocs.de\/?page_id=29\">Continue Reading \u2192<\/a><\/p>\n","protected":false},"author":1,"featured_media":0,"parent":0,"menu_order":0,"comment_status":"closed","ping_status":"closed","template":"","meta":{"ngg_post_thumbnail":0,"jetpack_post_was_ever_published":false,"footnotes":""},"class_list":["post-29","page","type-page","status-publish","hentry"],"jetpack_sharing_enabled":true,"jetpack_shortlink":"https:\/\/wp.me\/P9W0dX-t","_links":{"self":[{"href":"https:\/\/eifeldocs.de\/index.php?rest_route=\/wp\/v2\/pages\/29","targetHints":{"allow":["GET"]}}],"collection":[{"href":"https:\/\/eifeldocs.de\/index.php?rest_route=\/wp\/v2\/pages"}],"about":[{"href":"https:\/\/eifeldocs.de\/index.php?rest_route=\/wp\/v2\/types\/page"}],"author":[{"embeddable":true,"href":"https:\/\/eifeldocs.de\/index.php?rest_route=\/wp\/v2\/users\/1"}],"replies":[{"embeddable":true,"href":"https:\/\/eifeldocs.de\/index.php?rest_route=%2Fwp%2Fv2%2Fcomments&post=29"}],"version-history":[{"count":5,"href":"https:\/\/eifeldocs.de\/index.php?rest_route=\/wp\/v2\/pages\/29\/revisions"}],"predecessor-version":[{"id":112,"href":"https:\/\/eifeldocs.de\/index.php?rest_route=\/wp\/v2\/pages\/29\/revisions\/112"}],"wp:attachment":[{"href":"https:\/\/eifeldocs.de\/index.php?rest_route=%2Fwp%2Fv2%2Fmedia&parent=29"}],"curies":[{"name":"wp","href":"https:\/\/api.w.org\/{rel}","templated":true}]}}