{"id":25,"date":"2018-05-21T16:15:33","date_gmt":"2018-05-21T16:15:33","guid":{"rendered":"http:\/\/eifeldocs.de\/?page_id=25"},"modified":"2018-05-21T16:15:33","modified_gmt":"2018-05-21T16:15:33","slug":"weitere-schwerpunkte","status":"publish","type":"page","link":"https:\/\/eifeldocs.de\/?page_id=25","title":{"rendered":"Weitere Schwerpunkte"},"content":{"rendered":"<p>Neben dem gesamten internistisch-haus\u00e4rztlichen Leistungsspektrum bieten wir Ihnen die besonderen Leistungen und Behandlungsm\u00f6glichkeiten einer fach\u00e4rztlichen Praxis f\u00fcr Lungen-und Bronchialheilkunde an. Dar\u00fcber hinaus hat unsere Praxis die Schwerpunkte Diabetologie, Allergologie, Manuelle Medizin\/Chirotherapie sowie Naturheilverfahren.<\/p>\n<p>Die Diabetologie umfasst die sachgerechte Pr\u00e4vention, Erkennung und Therapie von Stoffwechselst\u00f6rungen bei Patienten mit Diabetus mellitus, einschlie\u00dflich der mit dieser Erkrankung zusammenh\u00e4ngenden, akuten Komplikationen und Folgeerkrankungen.<\/p>\n<p>Die Allergologie umfasst die durch Allergene ausgel\u00f6sten Erkrankungen verschiedenster Organsysteme einschlie\u00dflich deren Pr\u00e4vention, Diagnostik und Behandlung.<\/p>\n<p>Die Chirotherapie umfasst die Erkennung und Behandlung funktioneller, reversibler Erkrankungen des Bewegungssystems einschlie\u00dflich ihrer Folgeerscheinungen mittels besonderer manueller Untersuchungs- und Behandlungstechniken.<\/p>\n<p>Die Schlafmedizin besch\u00e4ftigt sich vor allem mit den Schlafst\u00f6rungen, deren Ursachen und Auswirkungen auf den Organismus sowie der Diagnose (Schlaflabor) und Therapie von Schlaf- bzw. Schlaf-Wach-St\u00f6rungen.<\/p>\n<p>Die Naturheilkunde umfasst die Anregung der individuellen k\u00f6rpereigenen Ordnungs-und Heilkr\u00e4fte durch Anwendung nebenwirkungsarmer oder -freier nat\u00fcrlicher Arzneistoffe und Verfahren.<\/p>\n","protected":false},"excerpt":{"rendered":"<p>Neben dem gesamten internistisch-haus\u00e4rztlichen Leistungsspektrum bieten wir Ihnen die besonderen Leistungen und Behandlungsm\u00f6glichkeiten einer fach\u00e4rztlichen Praxis f\u00fcr Lungen-und Bronchialheilkunde an. Dar\u00fcber hinaus hat unsere Praxis die Schwerpunkte Diabetologie, Allergologie, Manuelle <a class=\"more-link\" href=\"https:\/\/eifeldocs.de\/?page_id=25\">Continue Reading \u2192<\/a><\/p>\n","protected":false},"author":1,"featured_media":0,"parent":0,"menu_order":0,"comment_status":"closed","ping_status":"closed","template":"","meta":{"ngg_post_thumbnail":0,"jetpack_post_was_ever_published":false,"footnotes":""},"class_list":["post-25","page","type-page","status-publish","hentry"],"jetpack_sharing_enabled":true,"jetpack_shortlink":"https:\/\/wp.me\/P9W0dX-p","_links":{"self":[{"href":"https:\/\/eifeldocs.de\/index.php?rest_route=\/wp\/v2\/pages\/25","targetHints":{"allow":["GET"]}}],"collection":[{"href":"https:\/\/eifeldocs.de\/index.php?rest_route=\/wp\/v2\/pages"}],"about":[{"href":"https:\/\/eifeldocs.de\/index.php?rest_route=\/wp\/v2\/types\/page"}],"author":[{"embeddable":true,"href":"https:\/\/eifeldocs.de\/index.php?rest_route=\/wp\/v2\/users\/1"}],"replies":[{"embeddable":true,"href":"https:\/\/eifeldocs.de\/index.php?rest_route=%2Fwp%2Fv2%2Fcomments&post=25"}],"version-history":[{"count":1,"href":"https:\/\/eifeldocs.de\/index.php?rest_route=\/wp\/v2\/pages\/25\/revisions"}],"predecessor-version":[{"id":26,"href":"https:\/\/eifeldocs.de\/index.php?rest_route=\/wp\/v2\/pages\/25\/revisions\/26"}],"wp:attachment":[{"href":"https:\/\/eifeldocs.de\/index.php?rest_route=%2Fwp%2Fv2%2Fmedia&parent=25"}],"curies":[{"name":"wp","href":"https:\/\/api.w.org\/{rel}","templated":true}]}}